{"id":20,"date":"2018-10-31T00:26:27","date_gmt":"2018-10-30T23:26:27","guid":{"rendered":"http:\/\/miejscewchaosie.pl\/?page_id=20"},"modified":"2019-02-10T19:51:50","modified_gmt":"2019-02-10T18:51:50","slug":"o-nas","status":"publish","type":"page","link":"https:\/\/miejscewchaosie.pl\/?page_id=20","title":{"rendered":"O autorze"},"content":{"rendered":"<p>Kilka s\u0142\u00f3w, kt\u00f3re mo\u017ce nakre\u015bl\u0105 i rozja\u015bni\u0105 po co ta strona i dlaczego tu pisz\u0119.<\/p>\n<p>Przede wszystkim jestem idealist\u0105 &#8211; wymieraj\u0105cy gatunek ludzi, ale jednak czuj\u0119 si\u0119 przedstawicielem tego nurtu. Dlaczego? Kilka niefortunnych i nieprzyjemnych zdarze\u0144 z mego dzieci\u0144stwa sprawi\u0142o, \u017ce od pewnego momentu mojego \u017cycia musia\u0142em sam znale\u017a\u0107 sobie autorytet, na kt\u00f3rym b\u0119d\u0119 kszta\u0142towa\u0142 sw\u00f3j \u015bwiatopogl\u0105d. C\u00f3\u017c&#8230; Nie uda\u0142o mi si\u0119 znale\u017a\u0107 jednego &#8211; zacz\u0105\u0142em \u017cy\u0107 i prze\u017cywa\u0107 rozterki r\u00f3\u017cnych okres\u00f3w w literaturze by ostatecznie stwierdzi\u0107, \u017ce m\u00f3j \u015bwiatopogl\u0105d chyba nigdy nie b\u0119dzie pe\u0142ny wi\u0119c niech ewoluuje z czasem.<\/p>\n<p>Poza byciem idealist\u0105 staram si\u0119 by\u0107 praktykiem. I tu zaczyna si\u0119 abstrakcja, bo nie znam drugiego idealisty-praktyka i nie dziwi\u0119 si\u0119 temu bo nie jest to \u0142atwe. Przede wszystkim trzeba zacz\u0105\u0107 dostrzega\u0107 pewne schematy, kt\u00f3re pozwalaj\u0105 mimo sprzeczno\u015bci w &#8222;dumaniu&#8221; dotrze\u0107 do rozwi\u0105zania w \u0142atwiejszy, cz\u0119sto banalny spos\u00f3b.<\/p>\n<p>W skr\u00f3cie to tyle &#8211; jak kto\u015b ma taki kaprys to czytaj\u0105c co tutaj zamieszcz\u0119 mo\u017ce sam stwierdzi\u0107 czy to co wy\u017cej si\u0119 potwierdza czy nie.<\/p>\n","protected":false},"excerpt":{"rendered":"<p>Kilka s\u0142\u00f3w, kt\u00f3re mo\u017ce nakre\u015bl\u0105 i rozja\u015bni\u0105 po co ta strona i dlaczego tu pisz\u0119. Przede wszystkim jestem idealist\u0105 &#8211; wymieraj\u0105cy gatunek ludzi, ale jednak czuj\u0119 si\u0119 przedstawicielem tego nurtu. Dlaczego? Kilka niefortunnych i nieprzyjemnych zdarze\u0144 z mego dzieci\u0144stwa sprawi\u0142o, \u017ce od pewnego momentu mojego \u017cycia musia\u0142em sam znale\u017a\u0107 sobie autorytet, na kt\u00f3rym b\u0119d\u0119 kszta\u0142towa\u0142 [&hellip;]<\/p>\n","protected":false},"author":1,"featured_media":0,"parent":0,"menu_order":0,"comment_status":"closed","ping_status":"closed","template":"","meta":{"footnotes":""},"class_list":["post-20","page","type-page","status-publish","hentry"],"jetpack_sharing_enabled":true,"_links":{"self":[{"href":"https:\/\/miejscewchaosie.pl\/index.php?rest_route=\/wp\/v2\/pages\/20","targetHints":{"allow":["GET"]}}],"collection":[{"href":"https:\/\/miejscewchaosie.pl\/index.php?rest_route=\/wp\/v2\/pages"}],"about":[{"href":"https:\/\/miejscewchaosie.pl\/index.php?rest_route=\/wp\/v2\/types\/page"}],"author":[{"embeddable":true,"href":"https:\/\/miejscewchaosie.pl\/index.php?rest_route=\/wp\/v2\/users\/1"}],"replies":[{"embeddable":true,"href":"https:\/\/miejscewchaosie.pl\/index.php?rest_route=%2Fwp%2Fv2%2Fcomments&post=20"}],"version-history":[{"count":5,"href":"https:\/\/miejscewchaosie.pl\/index.php?rest_route=\/wp\/v2\/pages\/20\/revisions"}],"predecessor-version":[{"id":174,"href":"https:\/\/miejscewchaosie.pl\/index.php?rest_route=\/wp\/v2\/pages\/20\/revisions\/174"}],"wp:attachment":[{"href":"https:\/\/miejscewchaosie.pl\/index.php?rest_route=%2Fwp%2Fv2%2Fmedia&parent=20"}],"curies":[{"name":"wp","href":"https:\/\/api.w.org\/{rel}","templated":true}]}}

<p>Kilka słów, które może nakreślą i rozjaśnią po co ta strona i dlaczego tu piszę.</p>
<p>Przede wszystkim jestem idealistą &#8211; wymierający gatunek ludzi, ale jednak czuję się przedstawicielem tego nurtu. Dlaczego? Kilka niefortunnych i nieprzyjemnych zdarzeń z mego dzieciństwa sprawiło, że od pewnego momentu mojego życia musiałem sam znaleźć sobie autorytet, na którym będę kształtował swój światopogląd. Cóż&#8230; Nie udało mi się znaleźć jednego &#8211; zacząłem żyć i przeżywać rozterki różnych okresów w literaturze by ostatecznie stwierdzić, że mój światopogląd chyba nigdy nie będzie pełny więc niech ewoluuje z czasem.</p>
<p>Poza byciem idealistą staram się być praktykiem. I tu zaczyna się abstrakcja, bo nie znam drugiego idealisty-praktyka i nie dziwię się temu bo nie jest to łatwe. Przede wszystkim trzeba zacząć dostrzegać pewne schematy, które pozwalają mimo sprzeczności w &#8222;dumaniu&#8221; dotrzeć do rozwiązania w łatwiejszy, często banalny sposób.</p>
<p>W skrócie to tyle &#8211; jak ktoś ma taki kaprys to czytając co tutaj zamieszczę może sam stwierdzić czy to co wyżej się potwierdza czy nie.</p>

<p>Kilka słów, które może nakreślą i rozjaśnią po co ta strona i dlaczego tu piszę. Przede wszystkim jestem idealistą &#8211; wymierający gatunek ludzi, ale jednak czuję się przedstawicielem tego nurtu. Dlaczego? Kilka niefortunnych i nieprzyjemnych zdarzeń z mego dzieciństwa sprawiło, że od pewnego momentu mojego życia musiałem sam znaleźć sobie autorytet, na którym będę kształtował [&hellip;]</p>
